Let x = u + -4. Let w(j) = -2*j**2 + 3*j - 15 + 3*j**2 + 8. Determine w(x).
3
Let t(k) = -k + 4. Suppose 24*m + 100 = -44. Calculate t(m).
10
Let s(m) = -8*m**3 + 2*m**2 + m. Let g be s(-1). Let n(a) be the third derivative of a**4/24 - 2*a**3 - 2357*a**2 - 1. Give n(g).
-3
Let n(t) = 4*t**3 + 9*t**2 + t + 1. Let i(v) = -3*v**3 - 8*v**2 - 2*v - 1. Let r = -121 + 86. Let z be 33/7 - 10/r. Let x(u) = z*i(u) + 4*n(u). Determine x(5).
-6
Let b(s) = s**3 + 2*s**2 + 7*s + 0*s + 3 - 9*s. Suppose 2*w + 9 - 3 = 0. Determine b(w).
0
Let l(u) be the third derivative of -u**4/24 - u**3/3 - 192*u**2. What is l(-10)?
8
Let q(h) = -h**2 + h - 1. Let l(i) = -4*i**2 + 8*i - 8. Suppose -14*f - 4 = 10. Let s(k) = f*l(k) + 5*q(k). What is s(-4)?
-1
Let m(q) = q**2 - 2*q + 1. Let w be 2/(-4) - 459/18. Let c = 28 + w. Let i be m(c). Let o(f) = 4*f. Calculate o(i).
4
Let d = -5 - -2. Let i(o) = -328 + 0*o + 165 + 6*o + 167. What is i(d)?
-14
Let i = 14 - 14. Let n(z) = i*z**2 + 35*z**3 + z - 48*z**3 + 2*z**2. What is n(-1)?
14
Let o(i) = -i**3 + 6*i**2 - 5*i. Let k(x) = -2*x - 6. Let s be k(0). Let a be (3/2)/((-3)/s). Let u be 6 + a/((-3)/1). Give o(u).
0
Let c(q) = q**3 + 2*q**2 - q. Suppose -3*s = 2*u - 8, 5*u + 2 = 2*s + 22. Suppose -3*y + 4*y - 2*g + 9 = 0, -u*y - 4*g = -24. What is c(y)?
2
Let v(u) = u + 1. Let a = 17 - 12. Suppose 0 = 3*l - 4*z - 0*z + 13, 0 = a*z - 20. Calculate v(l).
2
Let c(t) = -t + 2 - 8*t**2 + 3*t**2 - 14. Let m(b) = 9*b**2 + 2*b + 23. Let q(w) = -11*c(w) - 6*m(w). Determine q(0).
-6
Let q(b) be the second derivative of -b**4/12 - 5*b**3/6 - b**2 + 5*b. Determine q(-6).
-8
Let i(j) = 4*j**3 + 4*j + 1. Let s(o) = -4*o - 13*o**3 + 2*o + 6*o**3 - 6*o - 2 - o**2. Let m(n) = 5*i(n) + 3*s(n). Calculate m(-3).
11
Let m = 810 - 808. Let j(i) = -i**2 + 2. Calculate j(m).
-2
Let v = 28 + -19. Let s(a) = 5 + 11*a**3 + 5*a**2 - 10*a**3 + v*a - 7*a. Give s(-5).
-5
Let a(q) = q**2 - 4*q - 4. Let b(u) = -u. Suppose -3*d - 3 = -12. Let c be (1 + -2)/(d/3). Let w(k) = c*a(k) + 2*b(k). Give w(3).
1
Let c = 106 - 106. Let r(p) = c - 3*p + 3 - 7. Determine r(5).
-19
Let s(k) be the first derivative of -5/2*k**2 - k - 1 + 1/4*k**4 - 4/3*k**3. Give s(5).
-1
Let d(m) be the first derivative of -16/3*m**3 + 15/2*m**2 - m + 1. Let o(r) = -3*r**2 + 3*r. Let u(q) = -2*d(q) + 11*o(q). What is u(4)?
-2
Suppose 0 = 2*n + n + 3. Let c(d) = -2*d + 1. Let f be c(n). Suppose 0*k = f*k - 3. Let s(l) = 4*l - 1. Determine s(k).
3
Suppose 5*p + 6*h = h + 65, 2*h - 18 = -p. Let s(o) = -4*o + 35. Give s(p).
3
Let o(b) = -7*b**2 + 12*b + 3. Let a(q) = -2*q + 13*q + 5 - 2 - 6*q**2. Let k(x) = -6*a(x) + 5*o(x). Let c be k(7). Let d(n) = -4*n + 6. Give d(c).
-10
Let p = -111 - -145. Suppose 0 = 4*i + p - 50. Let d(y) = 2*y**2 - 6*y + 2. Give d(i).
10
Let x(z) = 9*z**3 - 2*z**2 + 8*z. Let w be (-2 - -6)*3/(-2). Let o(s) = 9*s**3 - 2*s**2 + 7*s. Let q(p) = w*x(p) + 7*o(p). Give q(1).
8
Let v(n) = -n + 232 + n**2 - 236 + 2*n**2 - 4*n**2 + 2*n**3 - 6*n**3. What is v(-2)?
26
Suppose 2*r - 16 = -o, 3*r + 4*o = o + 27. Let w(a) be the first derivative of -a**2/2 + 186. Give w(r).
-7
Let i(r) = -2*r - 6*r + 5 - 34 + 5*r. Give i(-11).
4
Let h(c) = c + 13. Let w be 39/(-3) + -6 - -5. Give h(w).
-1
Let u(f) = 2 + f**3 - 2*f**3 - 9650*f + 2*f**2 + 9649*f. Let b be 34/10 - (-4)/(-10). Give u(b).
-10
Let g(s) = -s**2 - 9*s - 14. Let h(y) = 3*y**2 - 64*y + 73. Let z be h(20). Determine g(z).
0
Let m(r) = r - 1. Let g(b) = 8*b**3 + 2*b + 29. Let v(w) = -g(w) + 3*m(w). Let h(z) be the first derivative of v(z). Calculate h(-1).
-23
Let b(x) = -26*x + 6. Let h(k) be the first derivative of 5*k**2/2 - k + 16. Let s(m) = 2*b(m) + 11*h(m). What is s(6)?
19
Let s = 8205 - 8204. Let n(l) be the first derivative of 3*l**4 + l**2/2 + 2. What is n(s)?
13
Let h(g) = -4*g**3 + 4*g**2 + 8. Let w(d) be the third derivative of -d**6/120 + d**5/60 + d**3/6 + 32*d**2. Let s(a) = h(a) - 5*w(a). Give s(3).
21
Suppose -a + 5*d - 3 = 0, 4*d - 11 = -4*a + 25. Suppose 0 = a*c - 2*c - i, 0 = 3*i. Let q(n) = -n - 7. Calculate q(c).
-7
Let t(y) = 12*y**2 + 3*y**2 + 3 + 0*y - 15*y**2 + y + y**2. Give t(-4).
15
Let i(d) = d**2 - 11*d - 12. Let b(k) = -k**2 + 13*k + 14. Let v(r) = 4*b(r) + 5*i(r). Determine v(5).
6
Let a be ((-3)/2)/((-17)/20 - -1). Let u(r) = -r - 14. Determine u(a).
-4
Suppose 27 = -4*y + 11. Let g(k) = -k**2 - 5*k - 1. What is g(y)?
3
Let p(m) = 5*m + 1. Suppose 0*w = -6*w - 6. Give p(w).
-4
Let a = 16 + -20. Let p(v) be the second derivative of -v**4/12 - 5*v**3/3 - 3*v**2 - 60*v. Give p(a).
18
Let t(z) be the first derivative of -3*z**2/2 + 9*z - 35. Calculate t(7).
-12
Let j(y) = -3*y**2 - 96*y + 71. Let n(m) = m**2 + 35*m - 24. Let o(k) = -4*j(k) - 11*n(k). Calculate o(0).
-20
Let i(a) = -43*a - 210. Let b be i(-5). Let o(c) = c**2 - 4*c - 8. Determine o(b).
-3
Let m(l) be the first derivative of 0*l + 0*l**5 + 1/24*l**4 - 13/3*l**3 + 0*l**2 - 7 - 1/360*l**6. Let y(n) be the third derivative of m(n). Determine y(3).
-8
Suppose c = 4*n + 6*c - 8, -5*n + 5*c = -10. Let l(i) = -5 - 2 + 3 + 0 + 2*i**n + 3*i. Calculate l(-3).
5
Let w = 77 + -76. Let f(b) be the first derivative of b**3/3 - b**2/2 - 12*b - 2. Let g(t) = -t - 1. Let o(h) = w*f(h) - 6*g(h). Give o(-7).
8
Let g(s) = s**3 - 4*s**2 - 5*s + 6. Suppose 3*j = -5*w + 12, -6*w + 8 = 2*j - 3*w. Determine g(j).
-14
Let n = 65 - 35. Suppose -2*v + n = 3*v. Let r(d) = -1 + 2*d + 3 + 0 - v. What is r(5)?
6
Let i(v) be the third derivative of v**7/252 + 5*v**4/3 + 39*v**2. Let u(j) be the second derivative of i(j). Calculate u(1).
10
Let h = -219 + 224. Let w(r) = -3*r + 6. Give w(h).
-9
Let n(u) = 8*u - 545 - u**2 + 271 + 271. What is n(6)?
9
Let g be (-20 + 15)*2/(-5). Suppose -5*y = -2*f - 9, -5*f + 6 = -2*y - f. Let b(i) = -y - 2*i**2 + g - i**2 - i**3 + 0 - i. What is b(-3)?
2
Let h(t) = 32*t - 15*t - 11*t - 1. Suppose 3 = 3*v - 6*v. Give h(v).
-7
Let i(z) = -3*z - 1. Suppose 100*x = 96*x + 36. Let k(c) = c**3 + 5*c**2 + 2*c - 4. Let d be k(-4). Suppose 5*t + d = x*t. Give i(t).
-4
Let g(i) be the first derivative of i**3/3 + 3*i**2 - i - 1439. Suppose -w + 1 = 6. Calculate g(w).
-6
Let w = -36 - -30. Let b(m) = m**2. Let p(s) = -5*s**2 + 8*s + 7. Let t be 5 + -1 + (-6)/(-3). Let g(l) = t*b(l) + p(l). What is g(w)?
-5
Suppose -20 = 2*f + 4*h, 5*f - 15*h - 5 = -14*h. Let s(p) be the third derivative of p**5/60 - 2*p**3/3 - p**2. Calculate s(f).
-4
Suppose -4*x = 1 - 13. Suppose -m + 11 = -4*p, 2*p = -x*m + m - 8. Let y(a) be the second derivative of -a**4/12 - a**3/2 + a**2 - 6*a. Give y(p).
2
Let v(p) = 5*p**2 + 2*p + 1. Let j be v(-1). Let d(m) = -7*m + 52. Let f(l) = -8*l + 60. Let k(b) = -7*d(b) + 6*f(b). What is k(j)?
0
Let r(p) = 2*p + 3. Let z(j) = -7*j - 15. Let y(a) = 3*r(a) + z(a). Give y(0).
-6
Let n(b) be the second derivative of -b**3/6 + 4*b**2 + 3*b. Suppose 0 = -4*w - 2*f + f + 7, -11 = -3*w + 5*f. Suppose -5*i = -w*i - 18. What is n(i)?
2
Let h(a) = -5*a + 1. Suppose 2*u + 5 = 3*x, -9*u + 11*u = -5*x - 13. Calculate h(x).
6
Let q(p) = -p**2 - p + 4. Suppose -100 - 8 = 4*u + 2*r, -2*u + 4*r - 74 = 0. Let a = u - -28. Let d be 8/16*(1 + a). Give q(d).
4
Suppose 161 = -2*d + 199. Let p(t) = -4*t + 65. What is p(d)?
-11
Let v(f) = 30*f + 5 + 31*f - 101*f + 36*f. Calculate v(3).
-7
Let d(m) = -2*m + 7. Suppose 26 = v + 7. Suppose -5 = 2*h - v. Calculate d(h).
-7
Let w(s) be the first derivative of -11*s**5/60 - s**3/6 - 9*s**2/2 + 20. Let b(u) be the second derivative of w(u). What is b(-1)?
-12
Let o(z) be the first derivative of 4*z**2 + 0*z**2 - 5*z**2 + 2 - z - 2*z**2. Determine o(-3).
17
Let d(f) = 4*f**2 - f. Let i(t) = 5*t - 3. Let q be i(0). Suppose 3*c + 3 = -0*c. Let l be c*2*q/6. Determine d(l).
3
Let p(h) = -2*h - 4. Let m(a) = a**3 + 4*a**2 - 14*a. Let v be m(-6). Let l = -24 + v. Let x be (-63)/l - 2/8. What is p(x)?
-14
Let g be 1/16*(6 - -10). Let k(v) be the second derivative of 7*v**3/6 - v**2/2 - v. Determine k(g).
6
Let v(l) = -3*l**2 + l + 9. Suppose 4 = -3*r + 2*j, 3*r = 6*r + 4*j - 8. Calculate v(r).
9
Let k(x) = -2*x**2 - 5*x - 3. Let u be k(4). Let j = u - -25. Let c = 34 + j. Let a(d) = -d**3 + 5*d**2 - 4*d - 2. Calculate a(c).
-2
Let t(y) = 12*y - 28*y + 6 + 24*y + y**2 + 2*y**2. Let v(a) = -2*a**2 - 4*a - 3.